{"id":1013,"date":"2019-12-10T16:23:02","date_gmt":"2019-12-10T15:23:02","guid":{"rendered":"https:\/\/chorgemeinschaft-freckenhorst.de\/cms\/?page_id=1013"},"modified":"2025-12-07T15:30:20","modified_gmt":"2025-12-07T14:30:20","slug":"chorleitung","status":"publish","type":"page","link":"https:\/\/chorgemeinschaft-freckenhorst.de\/cms\/chorleitung\/","title":{"rendered":"Chorleitung"},"content":{"rendered":"<div class=\"wp-block-image\">\n<figure class=\"alignleft size-large is-resized\"><img loading=\"lazy\" decoding=\"async\" width=\"768\" height=\"1024\" src=\"https:\/\/chorgemeinschaft-freckenhorst.de\/cms\/wp-content\/uploads\/2025\/03\/20250120_212732Fabienne2-768x1024.jpg\" alt=\"\" class=\"wp-image-1153\" style=\"aspect-ratio:0.672077922077922;width:208px;height:auto\" srcset=\"https:\/\/chorgemeinschaft-freckenhorst.de\/cms\/wp-content\/uploads\/2025\/03\/20250120_212732Fabienne2-768x1024.jpg 768w, https:\/\/chorgemeinschaft-freckenhorst.de\/cms\/wp-content\/uploads\/2025\/03\/20250120_212732Fabienne2-225x300.jpg 225w, https:\/\/chorgemeinschaft-freckenhorst.de\/cms\/wp-content\/uploads\/2025\/03\/20250120_212732Fabienne2-1152x1536.jpg 1152w, https:\/\/chorgemeinschaft-freckenhorst.de\/cms\/wp-content\/uploads\/2025\/03\/20250120_212732Fabienne2-1536x2048.jpg 1536w, https:\/\/chorgemeinschaft-freckenhorst.de\/cms\/wp-content\/uploads\/2025\/03\/20250120_212732Fabienne2-rotated.jpg 1728w\" sizes=\"auto, (max-width: 768px) 100vw, 768px\" \/><figcaption class=\"wp-element-caption\">Fabienne Schoppmeier<\/figcaption><\/figure>\n<\/div>\n\n\n<p class=\"has-text-align-left\"><\/p>\n\n\n\n<div class=\"wp-block-group\"><div class=\"wp-block-group__inner-container is-layout-constrained wp-block-group-is-layout-constrained\">\n<p class=\"has-text-align-left\">Anfang 2024 hat Fabienne Schoppmeier die Leitung unseres Chores \u00fcbernommen.<\/p>\n\n\n\n<p>Fabienne ist eine junge engagierte Musikerin, die derzeit im Master Lehramt Musik an der Universit\u00e4t M\u00fcnster studiert, mit dem Hauptfach Gesang in den Genres Jazz, Rock und Pop. Parallel dazu verfolgt sie an der Musikhochschule einen Bachelor of Music in klassischer Posaune.<\/p>\n\n\n\n<div class=\"wp-block-group\"><div class=\"wp-block-group__inner-container is-layout-constrained wp-block-group-is-layout-constrained\">\n<div class=\"wp-block-group\"><div class=\"wp-block-group__inner-container is-layout-constrained wp-block-group-is-layout-constrained\">\n<div class=\"wp-block-group\"><div class=\"wp-block-group__inner-container is-layout-constrained wp-block-group-is-layout-constrained\">\n<p class=\"has-text-align-left\">Ihre vielseitigen musikalischen Interessen und F\u00e4higkeiten spiegeln sich nicht nur in ihrem Studium, sondern auch mit viel Humor in unserer Probenarbeit wieder .<\/p>\n<\/div><\/div>\n<\/div><\/div>\n<\/div><\/div>\n<\/div><\/div>\n\n\n\n<p><\/p>\n\n\n\n<p><\/p>\n\n\n\n<p><\/p>\n","protected":false},"excerpt":{"rendered":"<p>Anfang 2024 hat Fabienne Schoppmeier die Leitung unseres Chores \u00fcbernommen. Fabienne ist eine junge engagierte Musikerin, die derzeit im Master Lehramt Musik an der Universit\u00e4t M\u00fcnster studiert, mit dem Hauptfach Gesang in den Genres Jazz, Rock und Pop. Parallel dazu &hellip; <a href=\"https:\/\/chorgemeinschaft-freckenhorst.de\/cms\/chorleitung\/\">Weiterlesen <span class=\"meta-nav\">&rarr;<\/span><\/a><\/p>\n","protected":false},"author":1,"featured_media":1153,"parent":0,"menu_order":0,"comment_status":"closed","ping_status":"closed","template":"","meta":{"footnotes":""},"class_list":["post-1013","page","type-page","status-publish","has-post-thumbnail","hentry"],"_links":{"self":[{"href":"https:\/\/chorgemeinschaft-freckenhorst.de\/cms\/wp-json\/wp\/v2\/pages\/1013","targetHints":{"allow":["GET"]}}],"collection":[{"href":"https:\/\/chorgemeinschaft-freckenhorst.de\/cms\/wp-json\/wp\/v2\/pages"}],"about":[{"href":"https:\/\/chorgemeinschaft-freckenhorst.de\/cms\/wp-json\/wp\/v2\/types\/page"}],"author":[{"embeddable":true,"href":"https:\/\/chorgemeinschaft-freckenhorst.de\/cms\/wp-json\/wp\/v2\/users\/1"}],"replies":[{"embeddable":true,"href":"https:\/\/chorgemeinschaft-freckenhorst.de\/cms\/wp-json\/wp\/v2\/comments?post=1013"}],"version-history":[{"count":9,"href":"https:\/\/chorgemeinschaft-freckenhorst.de\/cms\/wp-json\/wp\/v2\/pages\/1013\/revisions"}],"predecessor-version":[{"id":1164,"href":"https:\/\/chorgemeinschaft-freckenhorst.de\/cms\/wp-json\/wp\/v2\/pages\/1013\/revisions\/1164"}],"wp:featuredmedia":[{"embeddable":true,"href":"https:\/\/chorgemeinschaft-freckenhorst.de\/cms\/wp-json\/wp\/v2\/media\/1153"}],"wp:attachment":[{"href":"https:\/\/chorgemeinschaft-freckenhorst.de\/cms\/wp-json\/wp\/v2\/media?parent=1013"}],"curies":[{"name":"wp","href":"https:\/\/api.w.org\/{rel}","templated":true}]}}