{"id":443,"date":"2011-12-18T18:17:03","date_gmt":"2011-12-18T17:17:03","guid":{"rendered":"http:\/\/www.chorgemeinschaft-freckenhorst.de\/cms\/?page_id=443"},"modified":"2026-04-12T16:29:56","modified_gmt":"2026-04-12T14:29:56","slug":"aktivitaten","status":"publish","type":"page","link":"https:\/\/chorgemeinschaft-freckenhorst.de\/cms\/aktivitaten\/","title":{"rendered":"Aktuelles"},"content":{"rendered":"\n<h2 class=\"wp-block-heading\"><strong>Jahreshauptversammlung 2026 der Chorgemeinschaft Freckenhorst<\/strong> <\/h2>\n\n\n\n<p>Die Chorgemeinschaft Freckenhorst blickte im Rahmen ihrer Jahreshauptversammlung auf ein erfolgreiches Jahr zur\u00fcck. Neben einem R\u00fcckblick auf vergangene Aktivit\u00e4ten standen auch wichtige Punkte wie Ehrungen sowie personelle Ver\u00e4nderungen im Vorstand auf der Tagesordnung. Zudem wurde ein Ausblick auf die kommenden Jahre gegeben. <\/p>\n\n\n\n<p><\/p>\n\n\n\n<h2 class=\"wp-block-heading\"><strong>J\u00fcbil\u00e4umskonzert 50 Jahre Chorgemeinschaft Freckenhorst<\/strong><\/h2>\n\n\n\n<p>Am 5. April 2025 feierte die Chorgemeinschaft Freckenhorst ihr 50-j\u00e4hriges Chorjubil\u00e4um in einem nahezu ausverkauften Jubil\u00e4umskonzert im Theater am Wall.<\/p>\n\n\n\n<p>Unter der Leitung von Fabienne Schoppmann pr\u00e4sentierte der Chor ein breites Repertoire.<\/p>\n\n\n\n<figure class=\"wp-block-image size-large\"><img loading=\"lazy\" decoding=\"async\" width=\"1024\" height=\"576\" src=\"https:\/\/chorgemeinschaft-freckenhorst.de\/cms\/wp-content\/uploads\/2026\/03\/k_2-1-1024x576.jpg\" alt=\"\" class=\"wp-image-1187\" srcset=\"https:\/\/chorgemeinschaft-freckenhorst.de\/cms\/wp-content\/uploads\/2026\/03\/k_2-1-1024x576.jpg 1024w, https:\/\/chorgemeinschaft-freckenhorst.de\/cms\/wp-content\/uploads\/2026\/03\/k_2-1-300x169.jpg 300w, https:\/\/chorgemeinschaft-freckenhorst.de\/cms\/wp-content\/uploads\/2026\/03\/k_2-1-768x432.jpg 768w, https:\/\/chorgemeinschaft-freckenhorst.de\/cms\/wp-content\/uploads\/2026\/03\/k_2-1-1536x864.jpg 1536w, https:\/\/chorgemeinschaft-freckenhorst.de\/cms\/wp-content\/uploads\/2026\/03\/k_2-1-2048x1152.jpg 2048w\" sizes=\"auto, (max-width: 1024px) 100vw, 1024px\" \/><\/figure>\n\n\n\n<figure class=\"wp-block-image\"><img loading=\"lazy\" decoding=\"async\" width=\"1131\" height=\"1600\" src=\"https:\/\/chorgemeinschaft-freckenhorst.de\/cms\/wp-content\/uploads\/2025\/03\/Plakat-Jubilaeumskonzert.jpeg\" alt=\"\" class=\"wp-image-1140\" srcset=\"https:\/\/chorgemeinschaft-freckenhorst.de\/cms\/wp-content\/uploads\/2025\/03\/Plakat-Jubilaeumskonzert.jpeg 1131w, https:\/\/chorgemeinschaft-freckenhorst.de\/cms\/wp-content\/uploads\/2025\/03\/Plakat-Jubilaeumskonzert-212x300.jpeg 212w, https:\/\/chorgemeinschaft-freckenhorst.de\/cms\/wp-content\/uploads\/2025\/03\/Plakat-Jubilaeumskonzert-724x1024.jpeg 724w, https:\/\/chorgemeinschaft-freckenhorst.de\/cms\/wp-content\/uploads\/2025\/03\/Plakat-Jubilaeumskonzert-768x1086.jpeg 768w, https:\/\/chorgemeinschaft-freckenhorst.de\/cms\/wp-content\/uploads\/2025\/03\/Plakat-Jubilaeumskonzert-1086x1536.jpeg 1086w\" sizes=\"auto, (max-width: 1131px) 100vw, 1131px\" \/><\/figure>\n\n\n\n<p><\/p>\n\n\n\n<p><\/p>\n\n\n\n<h2 class=\"wp-block-heading\"><strong>Konzert zum Weltfrauentag 2025<\/strong><\/h2>\n\n\n\n<p>08.03.2025<\/p>\n\n\n\n<figure class=\"wp-block-image\"><img loading=\"lazy\" decoding=\"async\" width=\"1080\" height=\"1350\" src=\"https:\/\/chorgemeinschaft-freckenhorst.de\/cms\/wp-content\/uploads\/2025\/03\/02_IMG-20250206-WA0019.jpg\" alt=\"\" class=\"wp-image-1144\" srcset=\"https:\/\/chorgemeinschaft-freckenhorst.de\/cms\/wp-content\/uploads\/2025\/03\/02_IMG-20250206-WA0019.jpg 1080w, https:\/\/chorgemeinschaft-freckenhorst.de\/cms\/wp-content\/uploads\/2025\/03\/02_IMG-20250206-WA0019-240x300.jpg 240w, https:\/\/chorgemeinschaft-freckenhorst.de\/cms\/wp-content\/uploads\/2025\/03\/02_IMG-20250206-WA0019-819x1024.jpg 819w, https:\/\/chorgemeinschaft-freckenhorst.de\/cms\/wp-content\/uploads\/2025\/03\/02_IMG-20250206-WA0019-768x960.jpg 768w\" sizes=\"auto, (max-width: 1080px) 100vw, 1080px\" \/><\/figure>\n\n\n\n<p><\/p>\n\n\n\n<p><\/p>\n\n\n\n<h2 class=\"wp-block-heading\"><strong>Probenwochenende der Chorgemeinschaft Freckenhorst<\/strong><\/h2>\n\n\n\n<p>17.01-19.01.2025<\/p>\n\n\n\n<figure class=\"wp-block-image\"><img loading=\"lazy\" decoding=\"async\" width=\"2560\" height=\"1920\" src=\"https:\/\/chorgemeinschaft-freckenhorst.de\/cms\/wp-content\/uploads\/2025\/03\/01_IMG-20250309-WA0009-scaled.jpg\" alt=\"\" class=\"wp-image-1147\" srcset=\"https:\/\/chorgemeinschaft-freckenhorst.de\/cms\/wp-content\/uploads\/2025\/03\/01_IMG-20250309-WA0009-scaled.jpg 2560w, https:\/\/chorgemeinschaft-freckenhorst.de\/cms\/wp-content\/uploads\/2025\/03\/01_IMG-20250309-WA0009-300x225.jpg 300w, https:\/\/chorgemeinschaft-freckenhorst.de\/cms\/wp-content\/uploads\/2025\/03\/01_IMG-20250309-WA0009-1024x768.jpg 1024w, https:\/\/chorgemeinschaft-freckenhorst.de\/cms\/wp-content\/uploads\/2025\/03\/01_IMG-20250309-WA0009-768x576.jpg 768w, https:\/\/chorgemeinschaft-freckenhorst.de\/cms\/wp-content\/uploads\/2025\/03\/01_IMG-20250309-WA0009-1536x1152.jpg 1536w, https:\/\/chorgemeinschaft-freckenhorst.de\/cms\/wp-content\/uploads\/2025\/03\/01_IMG-20250309-WA0009-2048x1536.jpg 2048w\" sizes=\"auto, (max-width: 2560px) 100vw, 2560px\" \/><\/figure>\n\n\n<p>Am 05.04.2025 feiert die Chorgemeinschaft Freckenhorst ihr 50-j\u00e4hriges Chorjubil\u00e4um. In Vorbereitung dazu traf sich der Chor zu einem intensiven und erfolgreichem Probenwochenende im Haus der Vereine.\u00a0 Dabei wurde Chorleiterin Fabienne Schoppmeier\u00a0 von Katharina Kohoff (Stimmbildnerin aus M\u00fcnster) tatkr\u00e4ftig unterst\u00fctzt. Im Rahmen des Probenwochenendes konnte sich der Chor auch bei Frau Sennhenn-Wiehold, Sparkasse M\u00fcnsterland-Ost f\u00fcr die finanzielle Unterst\u00fctzung f\u00fcr das Konzert bedanken.<\/p>\n<p>\u00a0 \u00a0 \u00a0 \u00a0 \u00a0 \u00a0 \u00a0 \u00a0 \u00a0 \u00a0 \u00a0 \u00a0 \u00a0 \u00a0 \u00a0 \u00a0 \u00a0 \u00a0 \u00a0 \u00a0 \u00a0 \u00a0 \u00a0 \u00a0 \u00a0 \u00a0 \u00a0 \u00a0 \u00a0 \u00a0 \u00a0 \u00a0 \u00a0 \u00a0 \u00a0 \u00a0 \u00a0 \u00a0 \u00a0 \u00a0 \u00a0 \u00a0 \u00a0 \u00a0 \u00a0 \u00a0 \u00a0 \u00a0 \u00a0 \u00a0 \u00a0 \u00a0 \u00a0 \u00a0 \u00a0 \u00a0 \u00a0 \u00a0 \u00a0 \u00a0 \u00a0 \u00a0Christiane Beckmann<\/p>\n\n\n<figure class=\"wp-block-image\"><img loading=\"lazy\" decoding=\"async\" width=\"2000\" height=\"1500\" src=\"https:\/\/chorgemeinschaft-freckenhorst.de\/cms\/wp-content\/uploads\/2025\/03\/IMG-20250118-WA0054.jpg\" alt=\"\" class=\"wp-image-1149\" srcset=\"https:\/\/chorgemeinschaft-freckenhorst.de\/cms\/wp-content\/uploads\/2025\/03\/IMG-20250118-WA0054.jpg 2000w, https:\/\/chorgemeinschaft-freckenhorst.de\/cms\/wp-content\/uploads\/2025\/03\/IMG-20250118-WA0054-300x225.jpg 300w, https:\/\/chorgemeinschaft-freckenhorst.de\/cms\/wp-content\/uploads\/2025\/03\/IMG-20250118-WA0054-1024x768.jpg 1024w, https:\/\/chorgemeinschaft-freckenhorst.de\/cms\/wp-content\/uploads\/2025\/03\/IMG-20250118-WA0054-768x576.jpg 768w, https:\/\/chorgemeinschaft-freckenhorst.de\/cms\/wp-content\/uploads\/2025\/03\/IMG-20250118-WA0054-1536x1152.jpg 1536w\" sizes=\"auto, (max-width: 2000px) 100vw, 2000px\" \/><\/figure>\n\n\n<p>&nbsp;<\/p>\n<p>&nbsp;<\/p>\n<p>&nbsp;<\/p>\n\n\n<p><\/p>\n","protected":false},"excerpt":{"rendered":"<p>Jahreshauptversammlung 2026 der Chorgemeinschaft Freckenhorst Die Chorgemeinschaft Freckenhorst blickte im Rahmen ihrer Jahreshauptversammlung auf ein erfolgreiches Jahr zur\u00fcck. Neben einem R\u00fcckblick auf vergangene Aktivit\u00e4ten standen auch wichtige Punkte wie Ehrungen sowie personelle Ver\u00e4nderungen im Vorstand auf der Tagesordnung. Zudem wurde &hellip; <a href=\"https:\/\/chorgemeinschaft-freckenhorst.de\/cms\/aktivitaten\/\">Weiterlesen <span class=\"meta-nav\">&rarr;<\/span><\/a><\/p>\n","protected":false},"author":1,"featured_media":0,"parent":0,"menu_order":0,"comment_status":"closed","ping_status":"closed","template":"","meta":{"footnotes":""},"class_list":["post-443","page","type-page","status-publish","hentry"],"_links":{"self":[{"href":"https:\/\/chorgemeinschaft-freckenhorst.de\/cms\/wp-json\/wp\/v2\/pages\/443","targetHints":{"allow":["GET"]}}],"collection":[{"href":"https:\/\/chorgemeinschaft-freckenhorst.de\/cms\/wp-json\/wp\/v2\/pages"}],"about":[{"href":"https:\/\/chorgemeinschaft-freckenhorst.de\/cms\/wp-json\/wp\/v2\/types\/page"}],"author":[{"embeddable":true,"href":"https:\/\/chorgemeinschaft-freckenhorst.de\/cms\/wp-json\/wp\/v2\/users\/1"}],"replies":[{"embeddable":true,"href":"https:\/\/chorgemeinschaft-freckenhorst.de\/cms\/wp-json\/wp\/v2\/comments?post=443"}],"version-history":[{"count":17,"href":"https:\/\/chorgemeinschaft-freckenhorst.de\/cms\/wp-json\/wp\/v2\/pages\/443\/revisions"}],"predecessor-version":[{"id":1201,"href":"https:\/\/chorgemeinschaft-freckenhorst.de\/cms\/wp-json\/wp\/v2\/pages\/443\/revisions\/1201"}],"wp:attachment":[{"href":"https:\/\/chorgemeinschaft-freckenhorst.de\/cms\/wp-json\/wp\/v2\/media?parent=443"}],"curies":[{"name":"wp","href":"https:\/\/api.w.org\/{rel}","templated":true}]}}